x(h) be the first derivative of 9*h**2/2 + 1. Determine x(-1).
-9
Let p(t) = -t**3 - 6*t**2 - 3*t + 1. Suppose -7 = -4*o + 1. Let v(z) = 2*z**3 + 7*z**2 + 4*z - 2. Let b(g) = o*v(g) + 3*p(g). Determine b(4).
-5
Suppose -2*q + 4*w = 2*q - 4, -5*q - 25 = 5*w. Let l(i) be the first derivative of 4 + 2*i - i**2 + 2*i**2 - 3*i**2. Determine l(q).
10
Let t = -5 - -7. Suppose p = -0 + 6. Let d(k) = 2 - p + 0*k + 1 + 4*k. Give d(t).
5
Let n(b) be the second derivative of b**5/20 - 7*b**4/12 + b**3 + 3*b**2 - 4*b. Let f be n(5). Let w = f - -20. Let q(v) = v**3 - 6*v**2 + v - 8. What is q(w)?
-2
Let m(f) be the second derivative of -f**5/20 - f**4/3 + f**2/2 + 18*f. What is m(-4)?
1
Let q(p) be the second derivative of -p**3/3 - p**2/2 - 3*p. Let k be q(-1). Let t(d) be the second derivative of d**3/2 - d. Calculate t(k).
3
Let v(a) be the third derivative of a**6/120 - a**5/12 + a**4/4 - 2*a**3/3 - 2*a**2. Let m be -6 - 2/((-2)/2). Let o = m + 8. What is v(o)?
4
Let t(c) = -13*c + 7. Let b(j) = 25*j - 13. Let d(p) = -6*b(p) - 11*t(p). Let q = 3 - 2. Calculate d(q).
-6
Suppose 0 = 5*k - x - 22, -5*k + 14 = 4*x + 2. Suppose -k*u = 5*t - 25, t = 2*u + 2*u + 5. Let d = -5 + u. Let o(i) = i**2 + 6*i + 4. Determine o(d).
-1
Let w(r) = -r**3 + 2*r + 3. Suppose -11*j + 39 = 2*j. What is w(j)?
-18
Let t be 4/(2*(-2)/4). Let w(i) = -3*i**3 + 5*i**2 - 8*i - 5. Let k(g) = -5*g**3 + 10*g**2 - 16*g - 11. Let l(s) = t*k(s) + 7*w(s). Calculate l(-6).
-3
Suppose 0 = -3*x - 4*s + 2*s + 8, -4*x = -s - 7. Let p(q) = -2*q + 3 - 4*q**2 + x*q**2 - 2. Suppose 2*k - g = -0*g, -2*k = 5*g - 12. Determine p(k).
-3
Let b(x) = x**2 - 7*x - 8. Suppose -y + 3*y = 2*h - 16, 5*h + 8 = -3*y. Let k = 14 + y. Let g be b(k). Let d(m) = m. Give d(g).
0
Let f(o) = -o**3 - 5*o**2 - 4*o - 2. Let j = 89 - 93. What is f(j)?
-2
Suppose 0*n + 2 = n. Let v(m) = 9 + 5*m - n*m - m. What is v(-6)?
-3
Let j(y) = y**3 - 7*y**2 + 2*y - 9. Let l(u) = 7*u**2. Let n be l(1). What is j(n)?
5
Let b(n) = -n - 4. Let o be (-99)/15 + 9/15. Let k be b(o). Let u(m) = -1 - k + m + 7. Give u(-4).
0
Let q = -4 - -6. Let r(d) = -1 - 3 + q + 11*d + 1. Calculate r(1).
10
Let p(l) be the first derivative of -l**4/4 + 2*l**3/3 + 2*l**2 - 3*l + 13. Determine p(2).
5
Let g(n) = -3*n + 6*n - 1 - 1. Suppose -2*p + 0*p - 8 = w, -2*w + 2*p + 2 = 0. Give g(w).
-8
Suppose -4*l - 8 = 0, 2*c = l + 7 + 3. Let x(b) = 2*b - 1. Determine x(c).
7
Let d(t) = -t**2 + 5*t + 3. Suppose -4*k + 1 = 5*w, -k + 2*k = -3*w - 5. Let l be (2 - (w + 0))*1. Give d(l).
3
Let z(f) = -6 - 2*f**2 - 13 + 7*f + 6. Let k(q) = -q**2 + 3*q - 7. Let x(p) = -5*k(p) + 2*z(p). Let g be 20/5 - 3 - 1. Calculate x(g).
9
Let z be 9/(-6)*44/(-6). Suppose -s - z = 2*g - 0*s, 19 = -3*g - 2*s. Let m(c) be the third derivative of c**6/120 + c**5/20 - 2*c**3/3 - c**2. Give m(g).
-4
Let r = -27 + 29. Let b(g) be the third derivative of -g**5/60 - g**4/12 - g**2. Determine b(r).
-8
Let k(s) = s + 2. Let z be ((-22)/26 - -1) + 60/(-52). Give k(z).
1
Suppose 7 + 11 = 2*o + 5*q, 3*o - q = -7. Let h(z) = 6*z**2 + z + 1. What is h(o)?
6
Let n(h) = -5*h**2 - h. Let f(a) = 11*a**2 + 3*a + 1. Let d(r) = -2*f(r) - 5*n(r). Let x(u) = 7*u**2 - u - 4. Let z(w) = 5*d(w) - 2*x(w). Calculate z(3).
-2
Let v(s) be the first derivative of s**3/3 + 5*s**2/2 - s + 36. Determine v(-4).
-5
Let h(y) = -6*y**3 - 4*y**2 - y + 2. Suppose -2 = -2*l - 0. Let w(p) = p**2 - 1. Let a(o) = l*h(o) + 2*w(o). Give a(-1).
5
Let w(h) = -h - 2*h + 2*h - 9 + 3*h. Calculate w(6).
3
Let l(k) = -k**3 - 3*k**2 + 3*k - 5. Let z(h) = -2*h**2 + 2*h - 3. Let t(j) = -3*l(j) + 5*z(j). What is t(1)?
3
Let z(h) = -h**3 - 3*h**2 + 5*h + 6. Let k(m) = 2*m**2 - m - 1. Let p be k(-4). Let a be 1/4 + p/20. Let j be 6/4*-4 + a. Give z(j).
2
Let a(c) = 9*c - 4 - 4*c + 7. Let t(x) = 66*x + 39. Let m(i) = 27*a(i) - 2*t(i). Suppose 0*k + 4*k = -8. Calculate m(k).
-3
Let j(g) = -2*g**2 - 6*g - 4. Suppose -3*u + 4*m - 20 = 0, -3*u - 4*m = 2 + 2. Determine j(u).
-12
Let x be ((-20)/25)/(4/(-10)). Let a(z) = x*z + 2*z - 2 - 8*z. Determine a(-3).
10
Let u(y) be the first derivative of -3*y**2/2 + y - 23. Suppose -n + 3*n - 2 = 0. Determine u(n).
-2
Let x(u) be the first derivative of u**4/4 - 7*u**3/3 - 6*u + 12. What is x(7)?
-6
Let i(v) = -v. Let d(u) = -6 + 9 + 6*u - 1 + 12. Let o(n) = -d(n) - 5*i(n). Give o(-6).
-8
Let q(i) = i**2 + i - 1. Let a(w) = 4*w**2 + 9*w + 3. Let y be (-1)/((0 - 2)/(-2)). Let h(z) = y*a(z) + 3*q(z). Suppose -15 = 6*o - 3*o. Calculate h(o).
-1
Suppose -l + g + 8 = 3*g, l - 5*g = -20. Let m(o) = o**3 + o**2 - o - 3. Determine m(l).
-3
Let s = -4 + 11. Let t(m) = 3 + 6*m - 1 + s*m**2 + m**3 - 2. Give t(-6).
0
Let r(x) = -7*x. Let s(h) = -4*h. Let y(v) = -6*r(v) + 11*s(v). Suppose -2*k - 3*w = -0*k, -2*k + w - 8 = 0. Calculate y(k).
6
Let m(i) be the second derivative of -i**3/3 - 2*i**2 - 9*i. Give m(-6).
8
Let f(b) = -8*b**2 - 2*b + b**3 + 12 - 4 + b**2 + 0*b**2. Give f(7).
-6
Let b(l) = 10 - 4*l + 23*l**2 + l**3 - 24*l**2 + 3*l. Determine b(0).
10
Let l(s) = s**3 - 5*s**2 + 13. Let h(a) = -a**3 + 4*a**2 - 12. Let g(j) = 6*h(j) + 5*l(j). Determine g(0).
-7
Let s(m) = -2*m + 2*m - 2*m - m**2 + 8*m. What is s(5)?
5
Let x(a) = a**2 - 8*a - 5. Suppose 5*f - 15 = 15. Determine x(f).
-17
Suppose -14 = 2*n - 4. Let s(q) = -3*q. Let k(i) = -3*i - 1. Let a(z) = -6*k(z) + 5*s(z). What is a(n)?
-9
Let p(a) = a + 4. Let j = -2 - 2. Let l be p(j). Let k(w) be the second derivative of w**5/20 - w**2/2 - 2*w. Give k(l).
-1
Let h(u) = u**3 - 8*u. Let w(v) = v**3 - v**2 - 9*v. Let x(t) = 5*h(t) - 4*w(t). Determine x(-4).
16
Suppose t - 12 = -3*t. Let n(f) = -2*f. What is n(t)?
-6
Let z(o) = o - 3. Let f(i) = 7*i**2 + 2*i + 2. Let u be f(-1). What is z(u)?
4
Let n(q) be the second derivative of 0*q**2 - 5*q + 1/3*q**3 + 0. Calculate n(2).
4
Let r(y) = 6*y**2 - 21*y - 3 + 1 + y**3 - y**2 + 22*y. Give r(-3).
13
Let p(u) = -10*u**3 + 2*u**2 + 2*u + 1. Suppose 0*h = 5*h - 30. Suppose -5*y + 1 - h = 0. What is p(y)?
11
Let m(y) = -2*y + 3. Let o(d) = 10*d - 16. Let w(b) = -11*m(b) - 2*o(b). Suppose -25 = -5*l + 8*u - 3*u, -5*u - 5 = 5*l. What is w(l)?
3
Let d = 7 - 11. Let n = -1 - d. Let i(l) = -9*l**2 - 17*l + 15. Let g(z) = 5*z**2 + 9*z - 8. Let q(y) = 11*g(y) + 6*i(y). Give q(n).
2
Let f(h) = -4*h + h + 2*h - 1. Determine f(-1).
0
Let g(k) = 9*k - 7*k**2 + 4*k**3 + 2 - 5 + 0*k**3 - 3*k**3. Give g(6).
15
Let t(h) = -3*h. Let q = 11 - -1. Let a = 10 - q. What is t(a)?
6
Suppose 18 + 48 = -22*p. Let v(o) = -o**3 - 3*o**2 - 4*o + 1. Let d(a) = -a. Let m(u) = -4*d(u) + v(u). Give m(p).
1
Let n(m) = m**2 + 7*m - 6. Suppose 0 = 5*b + 2*b + 49. Give n(b).
-6
Let s(t) be the second derivative of -t**4/24 - t**3 + t**2/2 + 4*t. Let l(v) be the first derivative of s(v). Determine l(0).
-6
Let a(b) = -b + 1. Let p(t) = t**2 - 2*t + 0*t - 3 - 2*t**2. Let w(x) = -2*a(x) - p(x). Let z = -4 - 1. What is w(z)?
6
Let c(g) = 5*g + 6. Let o(z) = 6*z + 6. Let k(n) = -5*c(n) + 4*o(n). Calculate k(-6).
0
Let n(s) = -s**2 + 5*s - 2. Let o be n(4). Let h(a) = -3 + 3 + 8*a - 2*a - 4 + a**o. Determine h(-6).
-4
Suppose 4*m + 7 = -5. Let i(n) = n**3 + 2*n**2 - n. What is i(m)?
-6
Let z(c) = -2*c + 1. Let v(d) = d. Let o(s) = -5*v(s) - 2*z(s). Calculate o(0).
-2
Let t be 2/(-3) - (-17)/3. Let m(h) = h**2 + h. Let r(g) = -3*g**2 - g + 1. Let v(y) = t*m(y) + 2*r(y). Determine v(5).
-8
Let z(r) = r**2 + 6*r + 6. Let x(h) = h**3 + h**2 + 5*h + 5. Let s(a) = 6*x(a) - 5*z(a). Let i be (-1 + -1)/((-4)/(-2)). What is s(i)?
-5
Let q(x) be the second derivative of x**3/3 - x**2/2 - x. What is q(3)?
5
Let h(j) be the third derivative of -j**7/840 - j**6/90 - j**4/24 + 2*j**3/3 - j**2. Let o(w) be the first derivative of h(w). Determine o(-3).
-10
Let t(z) = -z**2 - 2. Let h = 13 - 8. Suppose 2*o + 2*x = -8, -4*x - 17 = h*o + 1. Give t(o).
-6
Let l(c) = 56*c + 6*c**2 - 52*c - 5*c**2 - 4. Calculate l(4).
28
Suppose 0 = -o - 1 + 11. Suppose -2 + o = -2*f. Let n(x) = -x**3 - 4*x**2 - x - 5. Calculate n(f).
-1
Suppose 0 = 4*o + 3*j - 9, 3*j + 30 = 5*o + 12. Let k(t) = 10*t**3 + 3*t**2 + o - 4 - 3*t - 9*t**3. What is k(-4)?
-5
Let k(p) = 5*p**2 - 5*p - 1. Let w(v) = -4*v**2 + 5*v. Let c(j) = 5*k(j) + 6*w(j). Let u(l) = 0 + 4*l + 3 - 4. Let a be u(-1). Give c(a).
-5
Let 